{"id":2036,"date":"2021-03-03T17:15:20","date_gmt":"2021-03-03T16:15:20","guid":{"rendered":"https:\/\/neuchatelrando.ch\/fr\/?post_type=helpie_faq&#038;p=2036"},"modified":"2021-03-03T17:15:35","modified_gmt":"2021-03-03T16:15:35","slug":"quel-est-le-degre-de-difficulte-des-excursions-proposees","status":"publish","type":"helpie_faq","link":"https:\/\/neuchatelrando.ch\/fr\/helpie_faq\/quel-est-le-degre-de-difficulte-des-excursions-proposees\/","title":{"rendered":"Quel est le degr\u00e9 de difficult\u00e9 des excursions propos\u00e9es ?"},"content":{"rendered":"<table style=\"height: 546px;\" width=\"1120\">\n<tbody>\n<tr>\n<td width=\"62\"><strong><em>Degr\u00e9 de difficult\u00e9<\/em><\/strong><\/td>\n<td width=\"77\"><strong><em>Course<\/em><\/strong><\/td>\n<td width=\"62\"><strong><em>Temps de marche<\/em><\/strong><\/td>\n<td width=\"57\"><strong><em>Mont\u00e9e<\/em><\/strong><\/td>\n<td width=\"64\"><strong><em>Descente <\/em><\/strong><\/td>\n<\/tr>\n<tr>\n<td width=\"62\">*<\/td>\n<td width=\"77\">Facile<\/p>\n<p>&nbsp;<\/p>\n<p>&nbsp;<\/td>\n<td width=\"62\">Inf\u00e9rieur ou \u00e9gal \u00e0 4 h<\/td>\n<td width=\"57\">350 m<\/td>\n<td width=\"64\">500 m<\/td>\n<\/tr>\n<tr>\n<td width=\"62\">**<\/td>\n<td width=\"77\">Pour marcheurs entra\u00een\u00e9s<\/p>\n<p>&nbsp;<\/td>\n<td width=\"62\">Inf\u00e9rieur ou \u00e9gal \u00e0 5 h<\/td>\n<td width=\"57\">700 m<\/td>\n<td width=\"64\">1&rsquo;000 m<\/td>\n<\/tr>\n<tr>\n<td width=\"62\">***<\/td>\n<td width=\"77\">Pour marcheurs bien entra\u00een\u00e9s<\/p>\n<p>&nbsp;<\/td>\n<td width=\"62\">Inf\u00e9rieur ou \u00e9gal \u00e0 5 h<\/td>\n<td width=\"57\">1&rsquo;000 m<\/td>\n<td width=\"64\">1&rsquo;500 m<\/td>\n<\/tr>\n<tr>\n<td width=\"62\">****<\/td>\n<td width=\"77\">Course de montagne pour marcheurs chevronn\u00e9s<\/p>\n<p>&nbsp;<\/td>\n<td width=\"62\"><\/td>\n<td width=\"57\">Plus de 1&rsquo;000 m<\/td>\n<td width=\"64\"><\/td>\n<\/tr>\n<\/tbody>\n<\/table>\n<p>Le randonneur conna\u00eetra donc \u00e0 l\u2019avance si la course \u00e0 laquelle il d\u00e9sire s\u2019inscrire lui correspond ou non<\/p>\n","protected":false},"excerpt":{"rendered":"<p>Degr\u00e9 de difficult\u00e9 Course Temps de marche Mont\u00e9e Descente * Facile &nbsp; &nbsp; Inf\u00e9rieur ou \u00e9gal \u00e0 4 h 350 m 500 m ** Pour marcheurs entra\u00een\u00e9s &nbsp; Inf\u00e9rieur ou&#8230;<\/p>\n","protected":false},"author":10,"featured_media":0,"menu_order":0,"comment_status":"closed","ping_status":"closed","template":"","format":"standard","meta":{"_acf_changed":false,"footnotes":""},"helpie_faq_category":[18],"helpie_faq_group":[],"class_list":{"0":"post-2036","1":"helpie_faq","2":"type-helpie_faq","3":"status-publish","4":"format-standard","6":"helpie_faq_category-uncategorized-faq"},"acf":[],"yoast_head":"<!-- This site is optimized with the Yoast SEO plugin v27.5 - https:\/\/yoast.com\/product\/yoast-seo-wordpress\/ -->\n<title>Quel est le degr\u00e9 de difficult\u00e9 des excursions propos\u00e9es ? - Neuch\u00e2tel Rando<\/title>\n<meta name=\"robots\" content=\"index, follow, max-snippet:-1, max-image-preview:large, max-video-preview:-1\" \/>\n<link rel=\"canonical\" href=\"https:\/\/neuchatelrando.ch\/fr\/helpie_faq\/quel-est-le-degre-de-difficulte-des-excursions-proposees\/\" \/>\n<meta property=\"og:locale\" content=\"fr_FR\" \/>\n<meta property=\"og:type\" content=\"article\" \/>\n<meta property=\"og:title\" content=\"Quel est le degr\u00e9 de difficult\u00e9 des excursions propos\u00e9es ? - Neuch\u00e2tel Rando\" \/>\n<meta property=\"og:description\" content=\"Degr\u00e9 de difficult\u00e9 Course Temps de marche Mont\u00e9e Descente * Facile &nbsp; &nbsp; Inf\u00e9rieur ou \u00e9gal \u00e0 4 h 350 m 500 m ** Pour marcheurs entra\u00een\u00e9s &nbsp; Inf\u00e9rieur ou...\" \/>\n<meta property=\"og:url\" content=\"https:\/\/neuchatelrando.ch\/fr\/helpie_faq\/quel-est-le-degre-de-difficulte-des-excursions-proposees\/\" \/>\n<meta property=\"og:site_name\" content=\"Neuch\u00e2tel Rando\" \/>\n<meta property=\"article:publisher\" content=\"https:\/\/www.facebook.com\/NeuchatelRando\/\" \/>\n<meta property=\"article:modified_time\" content=\"2021-03-03T16:15:35+00:00\" \/>\n<meta name=\"twitter:card\" content=\"summary_large_image\" \/>\n<meta name=\"twitter:label1\" content=\"Dur\u00e9e de lecture estim\u00e9e\" \/>\n\t<meta name=\"twitter:data1\" content=\"1 minute\" \/>\n<script type=\"application\/ld+json\" class=\"yoast-schema-graph\">{\"@context\":\"https:\\\/\\\/schema.org\",\"@graph\":[{\"@type\":\"WebPage\",\"@id\":\"https:\\\/\\\/neuchatelrando.ch\\\/fr\\\/helpie_faq\\\/quel-est-le-degre-de-difficulte-des-excursions-proposees\\\/\",\"url\":\"https:\\\/\\\/neuchatelrando.ch\\\/fr\\\/helpie_faq\\\/quel-est-le-degre-de-difficulte-des-excursions-proposees\\\/\",\"name\":\"Quel est le degr\u00e9 de difficult\u00e9 des excursions propos\u00e9es ? - Neuch\u00e2tel Rando\",\"isPartOf\":{\"@id\":\"https:\\\/\\\/neuchatelrando.ch\\\/fr\\\/#website\"},\"datePublished\":\"2021-03-03T16:15:20+00:00\",\"dateModified\":\"2021-03-03T16:15:35+00:00\",\"breadcrumb\":{\"@id\":\"https:\\\/\\\/neuchatelrando.ch\\\/fr\\\/helpie_faq\\\/quel-est-le-degre-de-difficulte-des-excursions-proposees\\\/#breadcrumb\"},\"inLanguage\":\"fr-FR\",\"potentialAction\":[{\"@type\":\"ReadAction\",\"target\":[\"https:\\\/\\\/neuchatelrando.ch\\\/fr\\\/helpie_faq\\\/quel-est-le-degre-de-difficulte-des-excursions-proposees\\\/\"]}]},{\"@type\":\"BreadcrumbList\",\"@id\":\"https:\\\/\\\/neuchatelrando.ch\\\/fr\\\/helpie_faq\\\/quel-est-le-degre-de-difficulte-des-excursions-proposees\\\/#breadcrumb\",\"itemListElement\":[{\"@type\":\"ListItem\",\"position\":1,\"name\":\"Accueil\",\"item\":\"https:\\\/\\\/neuchatelrando.ch\\\/fr\\\/\"},{\"@type\":\"ListItem\",\"position\":2,\"name\":\"FAQs\",\"item\":\"https:\\\/\\\/neuchatelrando.ch\\\/fr\\\/helpie_faq\\\/\"},{\"@type\":\"ListItem\",\"position\":3,\"name\":\"Quel est le degr\u00e9 de difficult\u00e9 des excursions propos\u00e9es ?\"}]},{\"@type\":\"WebSite\",\"@id\":\"https:\\\/\\\/neuchatelrando.ch\\\/fr\\\/#website\",\"url\":\"https:\\\/\\\/neuchatelrando.ch\\\/fr\\\/\",\"name\":\"Neuch\u00e2tel Rando\",\"description\":\"Randonn\u00e9es p\u00e9destres en Pays de Neuch\u00e2tel\",\"publisher\":{\"@id\":\"https:\\\/\\\/neuchatelrando.ch\\\/fr\\\/#organization\"},\"potentialAction\":[{\"@type\":\"SearchAction\",\"target\":{\"@type\":\"EntryPoint\",\"urlTemplate\":\"https:\\\/\\\/neuchatelrando.ch\\\/fr\\\/?s={search_term_string}\"},\"query-input\":{\"@type\":\"PropertyValueSpecification\",\"valueRequired\":true,\"valueName\":\"search_term_string\"}}],\"inLanguage\":\"fr-FR\"},{\"@type\":\"Organization\",\"@id\":\"https:\\\/\\\/neuchatelrando.ch\\\/fr\\\/#organization\",\"name\":\"Neuch\u00e2tel Rando\",\"url\":\"https:\\\/\\\/neuchatelrando.ch\\\/fr\\\/\",\"logo\":{\"@type\":\"ImageObject\",\"inLanguage\":\"fr-FR\",\"@id\":\"https:\\\/\\\/neuchatelrando.ch\\\/fr\\\/#\\\/schema\\\/logo\\\/image\\\/\",\"url\":\"https:\\\/\\\/neuchatelrando.ch\\\/wp-content\\\/uploads\\\/2020\\\/02\\\/neuchatelrando-logo.svg\",\"contentUrl\":\"https:\\\/\\\/neuchatelrando.ch\\\/wp-content\\\/uploads\\\/2020\\\/02\\\/neuchatelrando-logo.svg\",\"width\":1,\"height\":1,\"caption\":\"Neuch\u00e2tel Rando\"},\"image\":{\"@id\":\"https:\\\/\\\/neuchatelrando.ch\\\/fr\\\/#\\\/schema\\\/logo\\\/image\\\/\"},\"sameAs\":[\"https:\\\/\\\/www.facebook.com\\\/NeuchatelRando\\\/\",\"https:\\\/\\\/www.instagram.com\\\/neuchatel.rando\\\/\"]}]}<\/script>\n<!-- \/ Yoast SEO plugin. -->","yoast_head_json":{"title":"Quel est le degr\u00e9 de difficult\u00e9 des excursions propos\u00e9es ? - Neuch\u00e2tel Rando","robots":{"index":"index","follow":"follow","max-snippet":"max-snippet:-1","max-image-preview":"max-image-preview:large","max-video-preview":"max-video-preview:-1"},"canonical":"https:\/\/neuchatelrando.ch\/fr\/helpie_faq\/quel-est-le-degre-de-difficulte-des-excursions-proposees\/","og_locale":"fr_FR","og_type":"article","og_title":"Quel est le degr\u00e9 de difficult\u00e9 des excursions propos\u00e9es ? - Neuch\u00e2tel Rando","og_description":"Degr\u00e9 de difficult\u00e9 Course Temps de marche Mont\u00e9e Descente * Facile &nbsp; &nbsp; Inf\u00e9rieur ou \u00e9gal \u00e0 4 h 350 m 500 m ** Pour marcheurs entra\u00een\u00e9s &nbsp; Inf\u00e9rieur ou...","og_url":"https:\/\/neuchatelrando.ch\/fr\/helpie_faq\/quel-est-le-degre-de-difficulte-des-excursions-proposees\/","og_site_name":"Neuch\u00e2tel Rando","article_publisher":"https:\/\/www.facebook.com\/NeuchatelRando\/","article_modified_time":"2021-03-03T16:15:35+00:00","twitter_card":"summary_large_image","twitter_misc":{"Dur\u00e9e de lecture estim\u00e9e":"1 minute"},"schema":{"@context":"https:\/\/schema.org","@graph":[{"@type":"WebPage","@id":"https:\/\/neuchatelrando.ch\/fr\/helpie_faq\/quel-est-le-degre-de-difficulte-des-excursions-proposees\/","url":"https:\/\/neuchatelrando.ch\/fr\/helpie_faq\/quel-est-le-degre-de-difficulte-des-excursions-proposees\/","name":"Quel est le degr\u00e9 de difficult\u00e9 des excursions propos\u00e9es ? - Neuch\u00e2tel Rando","isPartOf":{"@id":"https:\/\/neuchatelrando.ch\/fr\/#website"},"datePublished":"2021-03-03T16:15:20+00:00","dateModified":"2021-03-03T16:15:35+00:00","breadcrumb":{"@id":"https:\/\/neuchatelrando.ch\/fr\/helpie_faq\/quel-est-le-degre-de-difficulte-des-excursions-proposees\/#breadcrumb"},"inLanguage":"fr-FR","potentialAction":[{"@type":"ReadAction","target":["https:\/\/neuchatelrando.ch\/fr\/helpie_faq\/quel-est-le-degre-de-difficulte-des-excursions-proposees\/"]}]},{"@type":"BreadcrumbList","@id":"https:\/\/neuchatelrando.ch\/fr\/helpie_faq\/quel-est-le-degre-de-difficulte-des-excursions-proposees\/#breadcrumb","itemListElement":[{"@type":"ListItem","position":1,"name":"Accueil","item":"https:\/\/neuchatelrando.ch\/fr\/"},{"@type":"ListItem","position":2,"name":"FAQs","item":"https:\/\/neuchatelrando.ch\/fr\/helpie_faq\/"},{"@type":"ListItem","position":3,"name":"Quel est le degr\u00e9 de difficult\u00e9 des excursions propos\u00e9es ?"}]},{"@type":"WebSite","@id":"https:\/\/neuchatelrando.ch\/fr\/#website","url":"https:\/\/neuchatelrando.ch\/fr\/","name":"Neuch\u00e2tel Rando","description":"Randonn\u00e9es p\u00e9destres en Pays de Neuch\u00e2tel","publisher":{"@id":"https:\/\/neuchatelrando.ch\/fr\/#organization"},"potentialAction":[{"@type":"SearchAction","target":{"@type":"EntryPoint","urlTemplate":"https:\/\/neuchatelrando.ch\/fr\/?s={search_term_string}"},"query-input":{"@type":"PropertyValueSpecification","valueRequired":true,"valueName":"search_term_string"}}],"inLanguage":"fr-FR"},{"@type":"Organization","@id":"https:\/\/neuchatelrando.ch\/fr\/#organization","name":"Neuch\u00e2tel Rando","url":"https:\/\/neuchatelrando.ch\/fr\/","logo":{"@type":"ImageObject","inLanguage":"fr-FR","@id":"https:\/\/neuchatelrando.ch\/fr\/#\/schema\/logo\/image\/","url":"https:\/\/neuchatelrando.ch\/wp-content\/uploads\/2020\/02\/neuchatelrando-logo.svg","contentUrl":"https:\/\/neuchatelrando.ch\/wp-content\/uploads\/2020\/02\/neuchatelrando-logo.svg","width":1,"height":1,"caption":"Neuch\u00e2tel Rando"},"image":{"@id":"https:\/\/neuchatelrando.ch\/fr\/#\/schema\/logo\/image\/"},"sameAs":["https:\/\/www.facebook.com\/NeuchatelRando\/","https:\/\/www.instagram.com\/neuchatel.rando\/"]}]}},"_links":{"self":[{"href":"https:\/\/neuchatelrando.ch\/fr\/wp-json\/wp\/v2\/helpie_faq\/2036","targetHints":{"allow":["GET"]}}],"collection":[{"href":"https:\/\/neuchatelrando.ch\/fr\/wp-json\/wp\/v2\/helpie_faq"}],"about":[{"href":"https:\/\/neuchatelrando.ch\/fr\/wp-json\/wp\/v2\/types\/helpie_faq"}],"author":[{"embeddable":true,"href":"https:\/\/neuchatelrando.ch\/fr\/wp-json\/wp\/v2\/users\/10"}],"replies":[{"embeddable":true,"href":"https:\/\/neuchatelrando.ch\/fr\/wp-json\/wp\/v2\/comments?post=2036"}],"version-history":[{"count":2,"href":"https:\/\/neuchatelrando.ch\/fr\/wp-json\/wp\/v2\/helpie_faq\/2036\/revisions"}],"predecessor-version":[{"id":2038,"href":"https:\/\/neuchatelrando.ch\/fr\/wp-json\/wp\/v2\/helpie_faq\/2036\/revisions\/2038"}],"wp:attachment":[{"href":"https:\/\/neuchatelrando.ch\/fr\/wp-json\/wp\/v2\/media?parent=2036"}],"wp:term":[{"taxonomy":"helpie_faq_category","embeddable":true,"href":"https:\/\/neuchatelrando.ch\/fr\/wp-json\/wp\/v2\/helpie_faq_category?post=2036"},{"taxonomy":"helpie_faq_group","embeddable":true,"href":"https:\/\/neuchatelrando.ch\/fr\/wp-json\/wp\/v2\/helpie_faq_group?post=2036"}],"curies":[{"name":"wp","href":"https:\/\/api.w.org\/{rel}","templated":true}]}}

Quel est le degré de difficulté des excursions proposées ?

<table style="height: 546px;" width="1120">
<tbody>
<tr>
<td width="62"><strong><em>Degré de difficulté</em></strong></td>
<td width="77"><strong><em>Course</em></strong></td>
<td width="62"><strong><em>Temps de marche</em></strong></td>
<td width="57"><strong><em>Montée</em></strong></td>
<td width="64"><strong><em>Descente </em></strong></td>
</tr>
<tr>
<td width="62">*</td>
<td width="77">Facile</p>
<p>&nbsp;</p>
<p>&nbsp;</td>
<td width="62">Inférieur ou égal à 4 h</td>
<td width="57">350 m</td>
<td width="64">500 m</td>
</tr>
<tr>
<td width="62">**</td>
<td width="77">Pour marcheurs entraînés</p>
<p>&nbsp;</td>
<td width="62">Inférieur ou égal à 5 h</td>
<td width="57">700 m</td>
<td width="64">1&rsquo;000 m</td>
</tr>
<tr>
<td width="62">***</td>
<td width="77">Pour marcheurs bien entraînés</p>
<p>&nbsp;</td>
<td width="62">Inférieur ou égal à 5 h</td>
<td width="57">1&rsquo;000 m</td>
<td width="64">1&rsquo;500 m</td>
</tr>
<tr>
<td width="62">****</td>
<td width="77">Course de montagne pour marcheurs chevronnés</p>
<p>&nbsp;</td>
<td width="62"></td>
<td width="57">Plus de 1&rsquo;000 m</td>
<td width="64"></td>
</tr>
</tbody>
</table>
<p>Le randonneur connaîtra donc à l’avance si la course à laquelle il désire s’inscrire lui correspond ou non</p>

<p>Degré de difficulté Course Temps de marche Montée Descente * Facile &nbsp; &nbsp; Inférieur ou égal à 4 h 350 m 500 m ** Pour marcheurs entraînés &nbsp; Inférieur ou&#8230;</p>

<!-- This site is optimized with the Yoast SEO plugin v27.5 - https://yoast.com/product/yoast-seo-wordpress/ -->
<title>Quel est le degré de difficulté des excursions proposées ? - Neuchâtel Rando</title>
<meta name="robots" content="index, follow, max-snippet:-1, max-image-preview:large, max-video-preview:-1" />
<link rel="canonical" href="https://neuchatelrando.ch/fr/helpie_faq/quel-est-le-degre-de-difficulte-des-excursions-proposees/" />
<meta property="og:locale" content="fr_FR" />
<meta property="og:type" content="article" />
<meta property="og:title" content="Quel est le degré de difficulté des excursions proposées ? - Neuchâtel Rando" />
<meta property="og:description" content="Degré de difficulté Course Temps de marche Montée Descente * Facile &nbsp; &nbsp; Inférieur ou égal à 4 h 350 m 500 m ** Pour marcheurs entraînés &nbsp; Inférieur ou..." />
<meta property="og:url" content="https://neuchatelrando.ch/fr/helpie_faq/quel-est-le-degre-de-difficulte-des-excursions-proposees/" />
<meta property="og:site_name" content="Neuchâtel Rando" />
<meta property="article:publisher" content="https://www.facebook.com/NeuchatelRando/" />
<meta property="article:modified_time" content="2021-03-03T16:15:35+00:00" />
<meta name="twitter:card" content="summary_large_image" />
<meta name="twitter:label1" content="Durée de lecture estimée" />
	<meta name="twitter:data1" content="1 minute" />
<script type="application/ld+json" class="yoast-schema-graph">{"@context":"https:\/\/schema.org","@graph":[{"@type":"WebPage","@id":"https:\/\/neuchatelrando.ch\/fr\/helpie_faq\/quel-est-le-degre-de-difficulte-des-excursions-proposees\/","url":"https:\/\/neuchatelrando.ch\/fr\/helpie_faq\/quel-est-le-degre-de-difficulte-des-excursions-proposees\/","name":"Quel est le degré de difficulté des excursions proposées ? - Neuchâtel Rando","isPartOf":{"@id":"https:\/\/neuchatelrando.ch\/fr\/#website"},"datePublished":"2021-03-03T16:15:20+00:00","dateModified":"2021-03-03T16:15:35+00:00","breadcrumb":{"@id":"https:\/\/neuchatelrando.ch\/fr\/helpie_faq\/quel-est-le-degre-de-difficulte-des-excursions-proposees\/#breadcrumb"},"inLanguage":"fr-FR","potentialAction":[{"@type":"ReadAction","target":["https:\/\/neuchatelrando.ch\/fr\/helpie_faq\/quel-est-le-degre-de-difficulte-des-excursions-proposees\/"]}]},{"@type":"BreadcrumbList","@id":"https:\/\/neuchatelrando.ch\/fr\/helpie_faq\/quel-est-le-degre-de-difficulte-des-excursions-proposees\/#breadcrumb","itemListElement":[{"@type":"ListItem","position":1,"name":"Accueil","item":"https:\/\/neuchatelrando.ch\/fr\/"},{"@type":"ListItem","position":2,"name":"FAQs","item":"https:\/\/neuchatelrando.ch\/fr\/helpie_faq\/"},{"@type":"ListItem","position":3,"name":"Quel est le degré de difficulté des excursions proposées ?"}]},{"@type":"WebSite","@id":"https:\/\/neuchatelrando.ch\/fr\/#website","url":"https:\/\/neuchatelrando.ch\/fr\/","name":"Neuchâtel Rando","description":"Randonnées pédestres en Pays de Neuchâtel","publisher":{"@id":"https:\/\/neuchatelrando.ch\/fr\/#organization"},"potentialAction":[{"@type":"SearchAction","target":{"@type":"EntryPoint","urlTemplate":"https:\/\/neuchatelrando.ch\/fr\/?s={search_term_string}"},"query-input":{"@type":"PropertyValueSpecification","valueRequired":true,"valueName":"search_term_string"}}],"inLanguage":"fr-FR"},{"@type":"Organization","@id":"https:\/\/neuchatelrando.ch\/fr\/#organization","name":"Neuchâtel Rando","url":"https:\/\/neuchatelrando.ch\/fr\/","logo":{"@type":"ImageObject","inLanguage":"fr-FR","@id":"https:\/\/neuchatelrando.ch\/fr\/#\/schema\/logo\/image\/","url":"https:\/\/neuchatelrando.ch\/wp-content\/uploads\/2020\/02\/neuchatelrando-logo.svg","contentUrl":"https:\/\/neuchatelrando.ch\/wp-content\/uploads\/2020\/02\/neuchatelrando-logo.svg","width":1,"height":1,"caption":"Neuchâtel Rando"},"image":{"@id":"https:\/\/neuchatelrando.ch\/fr\/#\/schema\/logo\/image\/"},"sameAs":["https:\/\/www.facebook.com\/NeuchatelRando\/","https:\/\/www.instagram.com\/neuchatel.rando\/"]}]}</script>
<!-- / Yoast SEO plugin. -->

Quel est le degré de difficulté des excursions proposées ? - Neuchâtel Rando

Degré de difficulté Course Temps de marche Montée Descente * Facile &nbsp; &nbsp; Inférieur ou égal à 4 h 350 m 500 m ** Pour marcheurs entraînés &nbsp; Inférieur ou...

Neuchâtel Rando

Randonnées pédestres en Pays de Neuchâtel
