{"id":2020,"date":"2021-03-03T17:03:38","date_gmt":"2021-03-03T16:03:38","guid":{"rendered":"https:\/\/neuchatelrando.ch\/fr\/?post_type=helpie_faq&#038;p=2020"},"modified":"2021-03-03T17:03:38","modified_gmt":"2021-03-03T16:03:38","slug":"quelles-sont-les-couleurs-utilisees-sur-les-indicateurs","status":"publish","type":"helpie_faq","link":"https:\/\/neuchatelrando.ch\/fr\/helpie_faq\/quelles-sont-les-couleurs-utilisees-sur-les-indicateurs\/","title":{"rendered":"Quelles sont les couleurs utilis\u00e9es sur les indicateurs ?"},"content":{"rendered":"<p>La couleur de base est le jaune. La pointe des indicateurs des sentiers class\u00e9s en chemins de randonn\u00e9e de montagne (il s\u2019en trouve quelques-uns dans notre canton) est en blanc\/rouge\/blanc.<\/p>\n<p>Il existe aussi des indicateurs blancs destin\u00e9s au balisage d\u2019itin\u00e9raires locaux n\u2019appartenant pas au r\u00e9seau p\u00e9destre officiel. Il en existe aussi de couleur rose pour la randonn\u00e9e hivernale avec ou sans raquettes.<\/p>\n","protected":false},"excerpt":{"rendered":"<p>La couleur de base est le jaune. La pointe des indicateurs des sentiers class\u00e9s en chemins de randonn\u00e9e de montagne (il s\u2019en trouve quelques-uns dans notre canton) est en blanc\/rouge\/blanc&#8230;.<\/p>\n","protected":false},"author":10,"featured_media":0,"menu_order":0,"comment_status":"closed","ping_status":"closed","template":"","format":"standard","meta":{"_acf_changed":false,"footnotes":""},"helpie_faq_category":[18],"helpie_faq_group":[],"class_list":{"0":"post-2020","1":"helpie_faq","2":"type-helpie_faq","3":"status-publish","4":"format-standard","6":"helpie_faq_category-uncategorized-faq"},"acf":[],"yoast_head":"<!-- This site is optimized with the Yoast SEO plugin v27.5 - https:\/\/yoast.com\/product\/yoast-seo-wordpress\/ -->\n<title>Quelles sont les couleurs utilis\u00e9es sur les indicateurs ? - Neuch\u00e2tel Rando<\/title>\n<meta name=\"robots\" content=\"index, follow, max-snippet:-1, max-image-preview:large, max-video-preview:-1\" \/>\n<link rel=\"canonical\" href=\"https:\/\/neuchatelrando.ch\/fr\/helpie_faq\/quelles-sont-les-couleurs-utilisees-sur-les-indicateurs\/\" \/>\n<meta property=\"og:locale\" content=\"fr_FR\" \/>\n<meta property=\"og:type\" content=\"article\" \/>\n<meta property=\"og:title\" content=\"Quelles sont les couleurs utilis\u00e9es sur les indicateurs ? - Neuch\u00e2tel Rando\" \/>\n<meta property=\"og:description\" content=\"La couleur de base est le jaune. La pointe des indicateurs des sentiers class\u00e9s en chemins de randonn\u00e9e de montagne (il s\u2019en trouve quelques-uns dans notre canton) est en blanc\/rouge\/blanc....\" \/>\n<meta property=\"og:url\" content=\"https:\/\/neuchatelrando.ch\/fr\/helpie_faq\/quelles-sont-les-couleurs-utilisees-sur-les-indicateurs\/\" \/>\n<meta property=\"og:site_name\" content=\"Neuch\u00e2tel Rando\" \/>\n<meta property=\"article:publisher\" content=\"https:\/\/www.facebook.com\/NeuchatelRando\/\" \/>\n<meta name=\"twitter:card\" content=\"summary_large_image\" \/>\n<meta name=\"twitter:label1\" content=\"Dur\u00e9e de lecture estim\u00e9e\" \/>\n\t<meta name=\"twitter:data1\" content=\"1 minute\" \/>\n<script type=\"application\/ld+json\" class=\"yoast-schema-graph\">{\"@context\":\"https:\\\/\\\/schema.org\",\"@graph\":[{\"@type\":\"WebPage\",\"@id\":\"https:\\\/\\\/neuchatelrando.ch\\\/fr\\\/helpie_faq\\\/quelles-sont-les-couleurs-utilisees-sur-les-indicateurs\\\/\",\"url\":\"https:\\\/\\\/neuchatelrando.ch\\\/fr\\\/helpie_faq\\\/quelles-sont-les-couleurs-utilisees-sur-les-indicateurs\\\/\",\"name\":\"Quelles sont les couleurs utilis\u00e9es sur les indicateurs ? - Neuch\u00e2tel Rando\",\"isPartOf\":{\"@id\":\"https:\\\/\\\/neuchatelrando.ch\\\/fr\\\/#website\"},\"datePublished\":\"2021-03-03T16:03:38+00:00\",\"breadcrumb\":{\"@id\":\"https:\\\/\\\/neuchatelrando.ch\\\/fr\\\/helpie_faq\\\/quelles-sont-les-couleurs-utilisees-sur-les-indicateurs\\\/#breadcrumb\"},\"inLanguage\":\"fr-FR\",\"potentialAction\":[{\"@type\":\"ReadAction\",\"target\":[\"https:\\\/\\\/neuchatelrando.ch\\\/fr\\\/helpie_faq\\\/quelles-sont-les-couleurs-utilisees-sur-les-indicateurs\\\/\"]}]},{\"@type\":\"BreadcrumbList\",\"@id\":\"https:\\\/\\\/neuchatelrando.ch\\\/fr\\\/helpie_faq\\\/quelles-sont-les-couleurs-utilisees-sur-les-indicateurs\\\/#breadcrumb\",\"itemListElement\":[{\"@type\":\"ListItem\",\"position\":1,\"name\":\"Accueil\",\"item\":\"https:\\\/\\\/neuchatelrando.ch\\\/fr\\\/\"},{\"@type\":\"ListItem\",\"position\":2,\"name\":\"FAQs\",\"item\":\"https:\\\/\\\/neuchatelrando.ch\\\/fr\\\/helpie_faq\\\/\"},{\"@type\":\"ListItem\",\"position\":3,\"name\":\"Quelles sont les couleurs utilis\u00e9es sur les indicateurs ?\"}]},{\"@type\":\"WebSite\",\"@id\":\"https:\\\/\\\/neuchatelrando.ch\\\/fr\\\/#website\",\"url\":\"https:\\\/\\\/neuchatelrando.ch\\\/fr\\\/\",\"name\":\"Neuch\u00e2tel Rando\",\"description\":\"Randonn\u00e9es p\u00e9destres en Pays de Neuch\u00e2tel\",\"publisher\":{\"@id\":\"https:\\\/\\\/neuchatelrando.ch\\\/fr\\\/#organization\"},\"potentialAction\":[{\"@type\":\"SearchAction\",\"target\":{\"@type\":\"EntryPoint\",\"urlTemplate\":\"https:\\\/\\\/neuchatelrando.ch\\\/fr\\\/?s={search_term_string}\"},\"query-input\":{\"@type\":\"PropertyValueSpecification\",\"valueRequired\":true,\"valueName\":\"search_term_string\"}}],\"inLanguage\":\"fr-FR\"},{\"@type\":\"Organization\",\"@id\":\"https:\\\/\\\/neuchatelrando.ch\\\/fr\\\/#organization\",\"name\":\"Neuch\u00e2tel Rando\",\"url\":\"https:\\\/\\\/neuchatelrando.ch\\\/fr\\\/\",\"logo\":{\"@type\":\"ImageObject\",\"inLanguage\":\"fr-FR\",\"@id\":\"https:\\\/\\\/neuchatelrando.ch\\\/fr\\\/#\\\/schema\\\/logo\\\/image\\\/\",\"url\":\"https:\\\/\\\/neuchatelrando.ch\\\/wp-content\\\/uploads\\\/2020\\\/02\\\/neuchatelrando-logo.svg\",\"contentUrl\":\"https:\\\/\\\/neuchatelrando.ch\\\/wp-content\\\/uploads\\\/2020\\\/02\\\/neuchatelrando-logo.svg\",\"width\":1,\"height\":1,\"caption\":\"Neuch\u00e2tel Rando\"},\"image\":{\"@id\":\"https:\\\/\\\/neuchatelrando.ch\\\/fr\\\/#\\\/schema\\\/logo\\\/image\\\/\"},\"sameAs\":[\"https:\\\/\\\/www.facebook.com\\\/NeuchatelRando\\\/\",\"https:\\\/\\\/www.instagram.com\\\/neuchatel.rando\\\/\"]}]}<\/script>\n<!-- \/ Yoast SEO plugin. -->","yoast_head_json":{"title":"Quelles sont les couleurs utilis\u00e9es sur les indicateurs ? - Neuch\u00e2tel Rando","robots":{"index":"index","follow":"follow","max-snippet":"max-snippet:-1","max-image-preview":"max-image-preview:large","max-video-preview":"max-video-preview:-1"},"canonical":"https:\/\/neuchatelrando.ch\/fr\/helpie_faq\/quelles-sont-les-couleurs-utilisees-sur-les-indicateurs\/","og_locale":"fr_FR","og_type":"article","og_title":"Quelles sont les couleurs utilis\u00e9es sur les indicateurs ? - Neuch\u00e2tel Rando","og_description":"La couleur de base est le jaune. La pointe des indicateurs des sentiers class\u00e9s en chemins de randonn\u00e9e de montagne (il s\u2019en trouve quelques-uns dans notre canton) est en blanc\/rouge\/blanc....","og_url":"https:\/\/neuchatelrando.ch\/fr\/helpie_faq\/quelles-sont-les-couleurs-utilisees-sur-les-indicateurs\/","og_site_name":"Neuch\u00e2tel Rando","article_publisher":"https:\/\/www.facebook.com\/NeuchatelRando\/","twitter_card":"summary_large_image","twitter_misc":{"Dur\u00e9e de lecture estim\u00e9e":"1 minute"},"schema":{"@context":"https:\/\/schema.org","@graph":[{"@type":"WebPage","@id":"https:\/\/neuchatelrando.ch\/fr\/helpie_faq\/quelles-sont-les-couleurs-utilisees-sur-les-indicateurs\/","url":"https:\/\/neuchatelrando.ch\/fr\/helpie_faq\/quelles-sont-les-couleurs-utilisees-sur-les-indicateurs\/","name":"Quelles sont les couleurs utilis\u00e9es sur les indicateurs ? - Neuch\u00e2tel Rando","isPartOf":{"@id":"https:\/\/neuchatelrando.ch\/fr\/#website"},"datePublished":"2021-03-03T16:03:38+00:00","breadcrumb":{"@id":"https:\/\/neuchatelrando.ch\/fr\/helpie_faq\/quelles-sont-les-couleurs-utilisees-sur-les-indicateurs\/#breadcrumb"},"inLanguage":"fr-FR","potentialAction":[{"@type":"ReadAction","target":["https:\/\/neuchatelrando.ch\/fr\/helpie_faq\/quelles-sont-les-couleurs-utilisees-sur-les-indicateurs\/"]}]},{"@type":"BreadcrumbList","@id":"https:\/\/neuchatelrando.ch\/fr\/helpie_faq\/quelles-sont-les-couleurs-utilisees-sur-les-indicateurs\/#breadcrumb","itemListElement":[{"@type":"ListItem","position":1,"name":"Accueil","item":"https:\/\/neuchatelrando.ch\/fr\/"},{"@type":"ListItem","position":2,"name":"FAQs","item":"https:\/\/neuchatelrando.ch\/fr\/helpie_faq\/"},{"@type":"ListItem","position":3,"name":"Quelles sont les couleurs utilis\u00e9es sur les indicateurs ?"}]},{"@type":"WebSite","@id":"https:\/\/neuchatelrando.ch\/fr\/#website","url":"https:\/\/neuchatelrando.ch\/fr\/","name":"Neuch\u00e2tel Rando","description":"Randonn\u00e9es p\u00e9destres en Pays de Neuch\u00e2tel","publisher":{"@id":"https:\/\/neuchatelrando.ch\/fr\/#organization"},"potentialAction":[{"@type":"SearchAction","target":{"@type":"EntryPoint","urlTemplate":"https:\/\/neuchatelrando.ch\/fr\/?s={search_term_string}"},"query-input":{"@type":"PropertyValueSpecification","valueRequired":true,"valueName":"search_term_string"}}],"inLanguage":"fr-FR"},{"@type":"Organization","@id":"https:\/\/neuchatelrando.ch\/fr\/#organization","name":"Neuch\u00e2tel Rando","url":"https:\/\/neuchatelrando.ch\/fr\/","logo":{"@type":"ImageObject","inLanguage":"fr-FR","@id":"https:\/\/neuchatelrando.ch\/fr\/#\/schema\/logo\/image\/","url":"https:\/\/neuchatelrando.ch\/wp-content\/uploads\/2020\/02\/neuchatelrando-logo.svg","contentUrl":"https:\/\/neuchatelrando.ch\/wp-content\/uploads\/2020\/02\/neuchatelrando-logo.svg","width":1,"height":1,"caption":"Neuch\u00e2tel Rando"},"image":{"@id":"https:\/\/neuchatelrando.ch\/fr\/#\/schema\/logo\/image\/"},"sameAs":["https:\/\/www.facebook.com\/NeuchatelRando\/","https:\/\/www.instagram.com\/neuchatel.rando\/"]}]}},"_links":{"self":[{"href":"https:\/\/neuchatelrando.ch\/fr\/wp-json\/wp\/v2\/helpie_faq\/2020","targetHints":{"allow":["GET"]}}],"collection":[{"href":"https:\/\/neuchatelrando.ch\/fr\/wp-json\/wp\/v2\/helpie_faq"}],"about":[{"href":"https:\/\/neuchatelrando.ch\/fr\/wp-json\/wp\/v2\/types\/helpie_faq"}],"author":[{"embeddable":true,"href":"https:\/\/neuchatelrando.ch\/fr\/wp-json\/wp\/v2\/users\/10"}],"replies":[{"embeddable":true,"href":"https:\/\/neuchatelrando.ch\/fr\/wp-json\/wp\/v2\/comments?post=2020"}],"version-history":[{"count":1,"href":"https:\/\/neuchatelrando.ch\/fr\/wp-json\/wp\/v2\/helpie_faq\/2020\/revisions"}],"predecessor-version":[{"id":2021,"href":"https:\/\/neuchatelrando.ch\/fr\/wp-json\/wp\/v2\/helpie_faq\/2020\/revisions\/2021"}],"wp:attachment":[{"href":"https:\/\/neuchatelrando.ch\/fr\/wp-json\/wp\/v2\/media?parent=2020"}],"wp:term":[{"taxonomy":"helpie_faq_category","embeddable":true,"href":"https:\/\/neuchatelrando.ch\/fr\/wp-json\/wp\/v2\/helpie_faq_category?post=2020"},{"taxonomy":"helpie_faq_group","embeddable":true,"href":"https:\/\/neuchatelrando.ch\/fr\/wp-json\/wp\/v2\/helpie_faq_group?post=2020"}],"curies":[{"name":"wp","href":"https:\/\/api.w.org\/{rel}","templated":true}]}}

Quelles sont les couleurs utilisées sur les indicateurs ?

<p>La couleur de base est le jaune. La pointe des indicateurs des sentiers classés en chemins de randonnée de montagne (il s’en trouve quelques-uns dans notre canton) est en blanc/rouge/blanc.</p>
<p>Il existe aussi des indicateurs blancs destinés au balisage d’itinéraires locaux n’appartenant pas au réseau pédestre officiel. Il en existe aussi de couleur rose pour la randonnée hivernale avec ou sans raquettes.</p>

<p>La couleur de base est le jaune. La pointe des indicateurs des sentiers classés en chemins de randonnée de montagne (il s’en trouve quelques-uns dans notre canton) est en blanc/rouge/blanc&#8230;.</p>

<!-- This site is optimized with the Yoast SEO plugin v27.5 - https://yoast.com/product/yoast-seo-wordpress/ -->
<title>Quelles sont les couleurs utilisées sur les indicateurs ? - Neuchâtel Rando</title>
<meta name="robots" content="index, follow, max-snippet:-1, max-image-preview:large, max-video-preview:-1" />
<link rel="canonical" href="https://neuchatelrando.ch/fr/helpie_faq/quelles-sont-les-couleurs-utilisees-sur-les-indicateurs/" />
<meta property="og:locale" content="fr_FR" />
<meta property="og:type" content="article" />
<meta property="og:title" content="Quelles sont les couleurs utilisées sur les indicateurs ? - Neuchâtel Rando" />
<meta property="og:description" content="La couleur de base est le jaune. La pointe des indicateurs des sentiers classés en chemins de randonnée de montagne (il s’en trouve quelques-uns dans notre canton) est en blanc/rouge/blanc...." />
<meta property="og:url" content="https://neuchatelrando.ch/fr/helpie_faq/quelles-sont-les-couleurs-utilisees-sur-les-indicateurs/" />
<meta property="og:site_name" content="Neuchâtel Rando" />
<meta property="article:publisher" content="https://www.facebook.com/NeuchatelRando/" />
<meta name="twitter:card" content="summary_large_image" />
<meta name="twitter:label1" content="Durée de lecture estimée" />
	<meta name="twitter:data1" content="1 minute" />
<script type="application/ld+json" class="yoast-schema-graph">{"@context":"https:\/\/schema.org","@graph":[{"@type":"WebPage","@id":"https:\/\/neuchatelrando.ch\/fr\/helpie_faq\/quelles-sont-les-couleurs-utilisees-sur-les-indicateurs\/","url":"https:\/\/neuchatelrando.ch\/fr\/helpie_faq\/quelles-sont-les-couleurs-utilisees-sur-les-indicateurs\/","name":"Quelles sont les couleurs utilisées sur les indicateurs ? - Neuchâtel Rando","isPartOf":{"@id":"https:\/\/neuchatelrando.ch\/fr\/#website"},"datePublished":"2021-03-03T16:03:38+00:00","breadcrumb":{"@id":"https:\/\/neuchatelrando.ch\/fr\/helpie_faq\/quelles-sont-les-couleurs-utilisees-sur-les-indicateurs\/#breadcrumb"},"inLanguage":"fr-FR","potentialAction":[{"@type":"ReadAction","target":["https:\/\/neuchatelrando.ch\/fr\/helpie_faq\/quelles-sont-les-couleurs-utilisees-sur-les-indicateurs\/"]}]},{"@type":"BreadcrumbList","@id":"https:\/\/neuchatelrando.ch\/fr\/helpie_faq\/quelles-sont-les-couleurs-utilisees-sur-les-indicateurs\/#breadcrumb","itemListElement":[{"@type":"ListItem","position":1,"name":"Accueil","item":"https:\/\/neuchatelrando.ch\/fr\/"},{"@type":"ListItem","position":2,"name":"FAQs","item":"https:\/\/neuchatelrando.ch\/fr\/helpie_faq\/"},{"@type":"ListItem","position":3,"name":"Quelles sont les couleurs utilisées sur les indicateurs ?"}]},{"@type":"WebSite","@id":"https:\/\/neuchatelrando.ch\/fr\/#website","url":"https:\/\/neuchatelrando.ch\/fr\/","name":"Neuchâtel Rando","description":"Randonnées pédestres en Pays de Neuchâtel","publisher":{"@id":"https:\/\/neuchatelrando.ch\/fr\/#organization"},"potentialAction":[{"@type":"SearchAction","target":{"@type":"EntryPoint","urlTemplate":"https:\/\/neuchatelrando.ch\/fr\/?s={search_term_string}"},"query-input":{"@type":"PropertyValueSpecification","valueRequired":true,"valueName":"search_term_string"}}],"inLanguage":"fr-FR"},{"@type":"Organization","@id":"https:\/\/neuchatelrando.ch\/fr\/#organization","name":"Neuchâtel Rando","url":"https:\/\/neuchatelrando.ch\/fr\/","logo":{"@type":"ImageObject","inLanguage":"fr-FR","@id":"https:\/\/neuchatelrando.ch\/fr\/#\/schema\/logo\/image\/","url":"https:\/\/neuchatelrando.ch\/wp-content\/uploads\/2020\/02\/neuchatelrando-logo.svg","contentUrl":"https:\/\/neuchatelrando.ch\/wp-content\/uploads\/2020\/02\/neuchatelrando-logo.svg","width":1,"height":1,"caption":"Neuchâtel Rando"},"image":{"@id":"https:\/\/neuchatelrando.ch\/fr\/#\/schema\/logo\/image\/"},"sameAs":["https:\/\/www.facebook.com\/NeuchatelRando\/","https:\/\/www.instagram.com\/neuchatel.rando\/"]}]}</script>
<!-- / Yoast SEO plugin. -->

Quelles sont les couleurs utilisées sur les indicateurs ? - Neuchâtel Rando

La couleur de base est le jaune. La pointe des indicateurs des sentiers classés en chemins de randonnée de montagne (il s’en trouve quelques-uns dans notre canton) est en blanc/rouge/blanc....

Neuchâtel Rando

Randonnées pédestres en Pays de Neuchâtel
