{"id":2041,"date":"2021-03-03T17:18:39","date_gmt":"2021-03-03T16:18:39","guid":{"rendered":"https:\/\/neuchatelrando.ch\/fr\/?post_type=helpie_faq&#038;p=2041"},"modified":"2021-03-03T17:18:39","modified_gmt":"2021-03-03T16:18:39","slug":"y-a-t-il-dans-le-canton-de-neuchatel-dautres-groupements-qui-soccupent-de-tourisme-pedestre","status":"publish","type":"helpie_faq","link":"https:\/\/neuchatelrando.ch\/de\/helpie_faq\/y-a-t-il-dans-le-canton-de-neuchatel-dautres-groupements-qui-soccupent-de-tourisme-pedestre\/","title":{"rendered":"Y a-t-il dans le canton de Neuch\u00e2tel d\u2019autres groupements qui s\u2019occupent de tourisme p\u00e9destre ?"},"content":{"rendered":"<p>Oui, il y a trois soci\u00e9t\u00e9s qui s\u2019occupent de l\u2019entretien de certains parcours dont Neuch\u00e2tel Rando assure le balisage\u00a0:<\/p>\n<ul>\n<li>La Soci\u00e9t\u00e9 des sentiers des Gorges de l\u2019Areuse\u00a0;<\/li>\n<li>La Soci\u00e9t\u00e9 de la Po\u00ebta Raisse\u00a0;<\/li>\n<li>La Soci\u00e9t\u00e9 des sentiers du Doubs.<\/li>\n<\/ul>\n<p>Il y a aussi quelques groupements en charge d\u2019itin\u00e9raires didactiques et r\u00e9cr\u00e9atifs situ\u00e9s en dehors du r\u00e9seau p\u00e9destre officiel<\/p>\n","protected":false},"excerpt":{"rendered":"<p>Oui, il y a trois soci\u00e9t\u00e9s qui s\u2019occupent de l\u2019entretien de certains parcours dont Neuch\u00e2tel Rando assure le balisage\u00a0: La Soci\u00e9t\u00e9 des sentiers des Gorges de l\u2019Areuse\u00a0; La Soci\u00e9t\u00e9 de&#8230;<\/p>\n","protected":false},"author":10,"featured_media":0,"menu_order":0,"comment_status":"closed","ping_status":"closed","template":"","format":"standard","meta":{"_acf_changed":false,"footnotes":""},"helpie_faq_category":[18],"helpie_faq_group":[],"class_list":{"0":"post-2041","1":"helpie_faq","2":"type-helpie_faq","3":"status-publish","4":"format-standard","6":"helpie_faq_category-uncategorized-faq"},"acf":[],"yoast_head":"<!-- This site is optimized with the Yoast SEO plugin v27.5 - https:\/\/yoast.com\/product\/yoast-seo-wordpress\/ -->\n<title>Y a-t-il dans le canton de Neuch\u00e2tel d\u2019autres groupements qui s\u2019occupent de tourisme p\u00e9destre ? - Neuch\u00e2tel Rando<\/title>\n<meta name=\"robots\" content=\"index, follow, max-snippet:-1, max-image-preview:large, max-video-preview:-1\" \/>\n<link rel=\"canonical\" href=\"https:\/\/neuchatelrando.ch\/de\/helpie_faq\/y-a-t-il-dans-le-canton-de-neuchatel-dautres-groupements-qui-soccupent-de-tourisme-pedestre\/\" \/>\n<meta property=\"og:locale\" content=\"de_DE\" \/>\n<meta property=\"og:type\" content=\"article\" \/>\n<meta property=\"og:title\" content=\"Y a-t-il dans le canton de Neuch\u00e2tel d\u2019autres groupements qui s\u2019occupent de tourisme p\u00e9destre ? - Neuch\u00e2tel Rando\" \/>\n<meta property=\"og:description\" content=\"Oui, il y a trois soci\u00e9t\u00e9s qui s\u2019occupent de l\u2019entretien de certains parcours dont Neuch\u00e2tel Rando assure le balisage\u00a0: La Soci\u00e9t\u00e9 des sentiers des Gorges de l\u2019Areuse\u00a0; La Soci\u00e9t\u00e9 de...\" \/>\n<meta property=\"og:url\" content=\"https:\/\/neuchatelrando.ch\/de\/helpie_faq\/y-a-t-il-dans-le-canton-de-neuchatel-dautres-groupements-qui-soccupent-de-tourisme-pedestre\/\" \/>\n<meta property=\"og:site_name\" content=\"Neuch\u00e2tel Rando\" \/>\n<meta property=\"article:publisher\" content=\"https:\/\/www.facebook.com\/NeuchatelRando\/\" \/>\n<meta name=\"twitter:card\" content=\"summary_large_image\" \/>\n<meta name=\"twitter:label1\" content=\"Gesch\u00e4tzte Lesezeit\" \/>\n\t<meta name=\"twitter:data1\" content=\"1\u00a0Minute\" \/>\n<script type=\"application\/ld+json\" class=\"yoast-schema-graph\">{\"@context\":\"https:\\\/\\\/schema.org\",\"@graph\":[{\"@type\":\"WebPage\",\"@id\":\"https:\\\/\\\/neuchatelrando.ch\\\/de\\\/helpie_faq\\\/y-a-t-il-dans-le-canton-de-neuchatel-dautres-groupements-qui-soccupent-de-tourisme-pedestre\\\/\",\"url\":\"https:\\\/\\\/neuchatelrando.ch\\\/de\\\/helpie_faq\\\/y-a-t-il-dans-le-canton-de-neuchatel-dautres-groupements-qui-soccupent-de-tourisme-pedestre\\\/\",\"name\":\"Y a-t-il dans le canton de Neuch\u00e2tel d\u2019autres groupements qui s\u2019occupent de tourisme p\u00e9destre ? - Neuch\u00e2tel Rando\",\"isPartOf\":{\"@id\":\"https:\\\/\\\/neuchatelrando.ch\\\/de\\\/#website\"},\"datePublished\":\"2021-03-03T16:18:39+00:00\",\"breadcrumb\":{\"@id\":\"https:\\\/\\\/neuchatelrando.ch\\\/de\\\/helpie_faq\\\/y-a-t-il-dans-le-canton-de-neuchatel-dautres-groupements-qui-soccupent-de-tourisme-pedestre\\\/#breadcrumb\"},\"inLanguage\":\"de\",\"potentialAction\":[{\"@type\":\"ReadAction\",\"target\":[\"https:\\\/\\\/neuchatelrando.ch\\\/de\\\/helpie_faq\\\/y-a-t-il-dans-le-canton-de-neuchatel-dautres-groupements-qui-soccupent-de-tourisme-pedestre\\\/\"]}]},{\"@type\":\"BreadcrumbList\",\"@id\":\"https:\\\/\\\/neuchatelrando.ch\\\/de\\\/helpie_faq\\\/y-a-t-il-dans-le-canton-de-neuchatel-dautres-groupements-qui-soccupent-de-tourisme-pedestre\\\/#breadcrumb\",\"itemListElement\":[{\"@type\":\"ListItem\",\"position\":1,\"name\":\"Accueil\",\"item\":\"https:\\\/\\\/neuchatelrando.ch\\\/de\\\/helpie_faq\\\/\"},{\"@type\":\"ListItem\",\"position\":2,\"name\":\"Y a-t-il dans le canton de Neuch\u00e2tel d\u2019autres groupements qui s\u2019occupent de tourisme p\u00e9destre ?\"}]},{\"@type\":\"WebSite\",\"@id\":\"https:\\\/\\\/neuchatelrando.ch\\\/de\\\/#website\",\"url\":\"https:\\\/\\\/neuchatelrando.ch\\\/de\\\/\",\"name\":\"Neuch\u00e2tel Rando\",\"description\":\"Randonn\u00e9es p\u00e9destres en Pays de Neuch\u00e2tel\",\"publisher\":{\"@id\":\"https:\\\/\\\/neuchatelrando.ch\\\/de\\\/#organization\"},\"potentialAction\":[{\"@type\":\"SearchAction\",\"target\":{\"@type\":\"EntryPoint\",\"urlTemplate\":\"https:\\\/\\\/neuchatelrando.ch\\\/de\\\/?s={search_term_string}\"},\"query-input\":{\"@type\":\"PropertyValueSpecification\",\"valueRequired\":true,\"valueName\":\"search_term_string\"}}],\"inLanguage\":\"de\"},{\"@type\":\"Organization\",\"@id\":\"https:\\\/\\\/neuchatelrando.ch\\\/de\\\/#organization\",\"name\":\"Neuch\u00e2tel Rando\",\"url\":\"https:\\\/\\\/neuchatelrando.ch\\\/de\\\/\",\"logo\":{\"@type\":\"ImageObject\",\"inLanguage\":\"de\",\"@id\":\"https:\\\/\\\/neuchatelrando.ch\\\/de\\\/#\\\/schema\\\/logo\\\/image\\\/\",\"url\":\"https:\\\/\\\/neuchatelrando.ch\\\/wp-content\\\/uploads\\\/2020\\\/02\\\/neuchatelrando-logo.svg\",\"contentUrl\":\"https:\\\/\\\/neuchatelrando.ch\\\/wp-content\\\/uploads\\\/2020\\\/02\\\/neuchatelrando-logo.svg\",\"width\":1,\"height\":1,\"caption\":\"Neuch\u00e2tel Rando\"},\"image\":{\"@id\":\"https:\\\/\\\/neuchatelrando.ch\\\/de\\\/#\\\/schema\\\/logo\\\/image\\\/\"},\"sameAs\":[\"https:\\\/\\\/www.facebook.com\\\/NeuchatelRando\\\/\",\"https:\\\/\\\/www.instagram.com\\\/neuchatel.rando\\\/\"]}]}<\/script>\n<!-- \/ Yoast SEO plugin. -->","yoast_head_json":{"title":"Y a-t-il dans le canton de Neuch\u00e2tel d\u2019autres groupements qui s\u2019occupent de tourisme p\u00e9destre ? - Neuch\u00e2tel Rando","robots":{"index":"index","follow":"follow","max-snippet":"max-snippet:-1","max-image-preview":"max-image-preview:large","max-video-preview":"max-video-preview:-1"},"canonical":"https:\/\/neuchatelrando.ch\/de\/helpie_faq\/y-a-t-il-dans-le-canton-de-neuchatel-dautres-groupements-qui-soccupent-de-tourisme-pedestre\/","og_locale":"de_DE","og_type":"article","og_title":"Y a-t-il dans le canton de Neuch\u00e2tel d\u2019autres groupements qui s\u2019occupent de tourisme p\u00e9destre ? - Neuch\u00e2tel Rando","og_description":"Oui, il y a trois soci\u00e9t\u00e9s qui s\u2019occupent de l\u2019entretien de certains parcours dont Neuch\u00e2tel Rando assure le balisage\u00a0: La Soci\u00e9t\u00e9 des sentiers des Gorges de l\u2019Areuse\u00a0; La Soci\u00e9t\u00e9 de...","og_url":"https:\/\/neuchatelrando.ch\/de\/helpie_faq\/y-a-t-il-dans-le-canton-de-neuchatel-dautres-groupements-qui-soccupent-de-tourisme-pedestre\/","og_site_name":"Neuch\u00e2tel Rando","article_publisher":"https:\/\/www.facebook.com\/NeuchatelRando\/","twitter_card":"summary_large_image","twitter_misc":{"Gesch\u00e4tzte Lesezeit":"1\u00a0Minute"},"schema":{"@context":"https:\/\/schema.org","@graph":[{"@type":"WebPage","@id":"https:\/\/neuchatelrando.ch\/de\/helpie_faq\/y-a-t-il-dans-le-canton-de-neuchatel-dautres-groupements-qui-soccupent-de-tourisme-pedestre\/","url":"https:\/\/neuchatelrando.ch\/de\/helpie_faq\/y-a-t-il-dans-le-canton-de-neuchatel-dautres-groupements-qui-soccupent-de-tourisme-pedestre\/","name":"Y a-t-il dans le canton de Neuch\u00e2tel d\u2019autres groupements qui s\u2019occupent de tourisme p\u00e9destre ? - Neuch\u00e2tel Rando","isPartOf":{"@id":"https:\/\/neuchatelrando.ch\/de\/#website"},"datePublished":"2021-03-03T16:18:39+00:00","breadcrumb":{"@id":"https:\/\/neuchatelrando.ch\/de\/helpie_faq\/y-a-t-il-dans-le-canton-de-neuchatel-dautres-groupements-qui-soccupent-de-tourisme-pedestre\/#breadcrumb"},"inLanguage":"de","potentialAction":[{"@type":"ReadAction","target":["https:\/\/neuchatelrando.ch\/de\/helpie_faq\/y-a-t-il-dans-le-canton-de-neuchatel-dautres-groupements-qui-soccupent-de-tourisme-pedestre\/"]}]},{"@type":"BreadcrumbList","@id":"https:\/\/neuchatelrando.ch\/de\/helpie_faq\/y-a-t-il-dans-le-canton-de-neuchatel-dautres-groupements-qui-soccupent-de-tourisme-pedestre\/#breadcrumb","itemListElement":[{"@type":"ListItem","position":1,"name":"Accueil","item":"https:\/\/neuchatelrando.ch\/de\/helpie_faq\/"},{"@type":"ListItem","position":2,"name":"Y a-t-il dans le canton de Neuch\u00e2tel d\u2019autres groupements qui s\u2019occupent de tourisme p\u00e9destre ?"}]},{"@type":"WebSite","@id":"https:\/\/neuchatelrando.ch\/de\/#website","url":"https:\/\/neuchatelrando.ch\/de\/","name":"Neuch\u00e2tel Rando","description":"Randonn\u00e9es p\u00e9destres en Pays de Neuch\u00e2tel","publisher":{"@id":"https:\/\/neuchatelrando.ch\/de\/#organization"},"potentialAction":[{"@type":"SearchAction","target":{"@type":"EntryPoint","urlTemplate":"https:\/\/neuchatelrando.ch\/de\/?s={search_term_string}"},"query-input":{"@type":"PropertyValueSpecification","valueRequired":true,"valueName":"search_term_string"}}],"inLanguage":"de"},{"@type":"Organization","@id":"https:\/\/neuchatelrando.ch\/de\/#organization","name":"Neuch\u00e2tel Rando","url":"https:\/\/neuchatelrando.ch\/de\/","logo":{"@type":"ImageObject","inLanguage":"de","@id":"https:\/\/neuchatelrando.ch\/de\/#\/schema\/logo\/image\/","url":"https:\/\/neuchatelrando.ch\/wp-content\/uploads\/2020\/02\/neuchatelrando-logo.svg","contentUrl":"https:\/\/neuchatelrando.ch\/wp-content\/uploads\/2020\/02\/neuchatelrando-logo.svg","width":1,"height":1,"caption":"Neuch\u00e2tel Rando"},"image":{"@id":"https:\/\/neuchatelrando.ch\/de\/#\/schema\/logo\/image\/"},"sameAs":["https:\/\/www.facebook.com\/NeuchatelRando\/","https:\/\/www.instagram.com\/neuchatel.rando\/"]}]}},"_links":{"self":[{"href":"https:\/\/neuchatelrando.ch\/de\/wp-json\/wp\/v2\/helpie_faq\/2041","targetHints":{"allow":["GET"]}}],"collection":[{"href":"https:\/\/neuchatelrando.ch\/de\/wp-json\/wp\/v2\/helpie_faq"}],"about":[{"href":"https:\/\/neuchatelrando.ch\/de\/wp-json\/wp\/v2\/types\/helpie_faq"}],"author":[{"embeddable":true,"href":"https:\/\/neuchatelrando.ch\/de\/wp-json\/wp\/v2\/users\/10"}],"replies":[{"embeddable":true,"href":"https:\/\/neuchatelrando.ch\/de\/wp-json\/wp\/v2\/comments?post=2041"}],"version-history":[{"count":1,"href":"https:\/\/neuchatelrando.ch\/de\/wp-json\/wp\/v2\/helpie_faq\/2041\/revisions"}],"predecessor-version":[{"id":2042,"href":"https:\/\/neuchatelrando.ch\/de\/wp-json\/wp\/v2\/helpie_faq\/2041\/revisions\/2042"}],"wp:attachment":[{"href":"https:\/\/neuchatelrando.ch\/de\/wp-json\/wp\/v2\/media?parent=2041"}],"wp:term":[{"taxonomy":"helpie_faq_category","embeddable":true,"href":"https:\/\/neuchatelrando.ch\/de\/wp-json\/wp\/v2\/helpie_faq_category?post=2041"},{"taxonomy":"helpie_faq_group","embeddable":true,"href":"https:\/\/neuchatelrando.ch\/de\/wp-json\/wp\/v2\/helpie_faq_group?post=2041"}],"curies":[{"name":"wp","href":"https:\/\/api.w.org\/{rel}","templated":true}]}}

Y a-t-il dans le canton de Neuchâtel d’autres groupements qui s’occupent de tourisme pédestre ?

<p>Oui, il y a trois sociétés qui s’occupent de l’entretien de certains parcours dont Neuchâtel Rando assure le balisage :</p>
<ul>
<li>La Société des sentiers des Gorges de l’Areuse ;</li>
<li>La Société de la Poëta Raisse ;</li>
<li>La Société des sentiers du Doubs.</li>
</ul>
<p>Il y a aussi quelques groupements en charge d’itinéraires didactiques et récréatifs situés en dehors du réseau pédestre officiel</p>

<p>Oui, il y a trois sociétés qui s’occupent de l’entretien de certains parcours dont Neuchâtel Rando assure le balisage : La Société des sentiers des Gorges de l’Areuse ; La Société de&#8230;</p>

<!-- This site is optimized with the Yoast SEO plugin v27.5 - https://yoast.com/product/yoast-seo-wordpress/ -->
<title>Y a-t-il dans le canton de Neuchâtel d’autres groupements qui s’occupent de tourisme pédestre ? - Neuchâtel Rando</title>
<meta name="robots" content="index, follow, max-snippet:-1, max-image-preview:large, max-video-preview:-1" />
<link rel="canonical" href="https://neuchatelrando.ch/de/helpie_faq/y-a-t-il-dans-le-canton-de-neuchatel-dautres-groupements-qui-soccupent-de-tourisme-pedestre/" />
<meta property="og:locale" content="de_DE" />
<meta property="og:type" content="article" />
<meta property="og:title" content="Y a-t-il dans le canton de Neuchâtel d’autres groupements qui s’occupent de tourisme pédestre ? - Neuchâtel Rando" />
<meta property="og:description" content="Oui, il y a trois sociétés qui s’occupent de l’entretien de certains parcours dont Neuchâtel Rando assure le balisage : La Société des sentiers des Gorges de l’Areuse ; La Société de..." />
<meta property="og:url" content="https://neuchatelrando.ch/de/helpie_faq/y-a-t-il-dans-le-canton-de-neuchatel-dautres-groupements-qui-soccupent-de-tourisme-pedestre/" />
<meta property="og:site_name" content="Neuchâtel Rando" />
<meta property="article:publisher" content="https://www.facebook.com/NeuchatelRando/" />
<meta name="twitter:card" content="summary_large_image" />
<meta name="twitter:label1" content="Geschätzte Lesezeit" />
	<meta name="twitter:data1" content="1 Minute" />
<script type="application/ld+json" class="yoast-schema-graph">{"@context":"https:\/\/schema.org","@graph":[{"@type":"WebPage","@id":"https:\/\/neuchatelrando.ch\/de\/helpie_faq\/y-a-t-il-dans-le-canton-de-neuchatel-dautres-groupements-qui-soccupent-de-tourisme-pedestre\/","url":"https:\/\/neuchatelrando.ch\/de\/helpie_faq\/y-a-t-il-dans-le-canton-de-neuchatel-dautres-groupements-qui-soccupent-de-tourisme-pedestre\/","name":"Y a-t-il dans le canton de Neuchâtel d’autres groupements qui s’occupent de tourisme pédestre ? - Neuchâtel Rando","isPartOf":{"@id":"https:\/\/neuchatelrando.ch\/de\/#website"},"datePublished":"2021-03-03T16:18:39+00:00","breadcrumb":{"@id":"https:\/\/neuchatelrando.ch\/de\/helpie_faq\/y-a-t-il-dans-le-canton-de-neuchatel-dautres-groupements-qui-soccupent-de-tourisme-pedestre\/#breadcrumb"},"inLanguage":"de","potentialAction":[{"@type":"ReadAction","target":["https:\/\/neuchatelrando.ch\/de\/helpie_faq\/y-a-t-il-dans-le-canton-de-neuchatel-dautres-groupements-qui-soccupent-de-tourisme-pedestre\/"]}]},{"@type":"BreadcrumbList","@id":"https:\/\/neuchatelrando.ch\/de\/helpie_faq\/y-a-t-il-dans-le-canton-de-neuchatel-dautres-groupements-qui-soccupent-de-tourisme-pedestre\/#breadcrumb","itemListElement":[{"@type":"ListItem","position":1,"name":"Accueil","item":"https:\/\/neuchatelrando.ch\/de\/helpie_faq\/"},{"@type":"ListItem","position":2,"name":"Y a-t-il dans le canton de Neuchâtel d’autres groupements qui s’occupent de tourisme pédestre ?"}]},{"@type":"WebSite","@id":"https:\/\/neuchatelrando.ch\/de\/#website","url":"https:\/\/neuchatelrando.ch\/de\/","name":"Neuchâtel Rando","description":"Randonnées pédestres en Pays de Neuchâtel","publisher":{"@id":"https:\/\/neuchatelrando.ch\/de\/#organization"},"potentialAction":[{"@type":"SearchAction","target":{"@type":"EntryPoint","urlTemplate":"https:\/\/neuchatelrando.ch\/de\/?s={search_term_string}"},"query-input":{"@type":"PropertyValueSpecification","valueRequired":true,"valueName":"search_term_string"}}],"inLanguage":"de"},{"@type":"Organization","@id":"https:\/\/neuchatelrando.ch\/de\/#organization","name":"Neuchâtel Rando","url":"https:\/\/neuchatelrando.ch\/de\/","logo":{"@type":"ImageObject","inLanguage":"de","@id":"https:\/\/neuchatelrando.ch\/de\/#\/schema\/logo\/image\/","url":"https:\/\/neuchatelrando.ch\/wp-content\/uploads\/2020\/02\/neuchatelrando-logo.svg","contentUrl":"https:\/\/neuchatelrando.ch\/wp-content\/uploads\/2020\/02\/neuchatelrando-logo.svg","width":1,"height":1,"caption":"Neuchâtel Rando"},"image":{"@id":"https:\/\/neuchatelrando.ch\/de\/#\/schema\/logo\/image\/"},"sameAs":["https:\/\/www.facebook.com\/NeuchatelRando\/","https:\/\/www.instagram.com\/neuchatel.rando\/"]}]}</script>
<!-- / Yoast SEO plugin. -->

Y a-t-il dans le canton de Neuchâtel d’autres groupements qui s’occupent de tourisme pédestre ? - Neuchâtel Rando

Oui, il y a trois sociétés qui s’occupent de l’entretien de certains parcours dont Neuchâtel Rando assure le balisage : La Société des sentiers des Gorges de l’Areuse ; La Société de...

Neuchâtel Rando

Randonnées pédestres en Pays de Neuchâtel
